digit of g?
1
Let d = -1241 + 2292. What is the hundreds digit of d?
0
Let h = -19 + 21. Suppose -25 = -h*z + n, 0 = -3*z - z - n + 53. What is the units digit of z?
3
Let f(q) = 2*q**3 - 5*q**2 - 6*q. Let j be -3*(1 - (-24)/(-9)). What is the units digit of f(j)?
5
Let c be (18/4)/((-1)/2). Let v = 11 - c. Let g = v - 8. What is the units digit of g?
2
Suppose 20 = 4*m, 3*m - 9227 = -4*f - 0*f. Suppose 0 = 5*t + 2*t - f. Suppose -61 + t = 4*j. What is the tens digit of j?
6
Let b = 4 + -10. Let m be 0/(4/1 + b). Suppose v + 3*v - 44 = m. What is the units digit of v?
1
Let u = 41 + -38. Suppose -18 - 78 = -u*b. What is the units digit of b?
2
Suppose 4*q + a = -1094 + 3398, 5*a - 20 = 0. What is the units digit of q?
5
Suppose 0 = -3*j + 2*j + 2*q + 13, 4*q + 20 = 0. Suppose 5*x + 381 = -4*f - 0*f, -j*f + 4*x = 278. Let d = -46 - f. What is the tens digit of d?
4
Let w(g) = -g - 8. Suppose 0 = 3*o + 5*i - 72, 4*i - 96 = -4*o + 3*i. Suppose -o = 2*k - 4. What is the units digit of w(k)?
2
Let f = -236 + 169. Let c = 73 + f. What is the units digit of c?
6
Let z = -272 - -160. What is the units digit of z/(-6) + 4/(-6)?
8
Let m(i) = 3*i**3 + 3*i**2 - 7*i + 8. Let w be m(3). Suppose 2*g = -2*n + 152, 4*g - 2*n - w = 185. What is the tens digit of g?
7
Let t(n) = n**3 - 3*n + 2. Let s be t(2). Suppose 2*w - 16 = -2*z, 6*z - 2*z - 31 = -3*w. Suppose s*p + 135 = z*p. What is the units digit of p?
5
Suppose 118*f = 124*f - 3756. What is the units digit of f?
6
What is the tens digit of 43*((-682)/(-154) + (-3)/7)?
7
Let f = -176 + 68. Let j = f - -270. What is the tens digit of j?
6
Let y(o) = 3*o**3 + 2*o**2 - 7*o - 59. What is the thousands digit of y(7)?
1
Let j(f) = 26*f - 68. What is the hundreds digit of j(9)?
1
Suppose -4*c + 17*x - 18*x = -17744, x = 3*c - 13301. What is the thousands digit of c?
4
Suppose 8415 - 29107 = -5*r - v, -5*r + 20710 = -5*v. What is the units digit of r?
9
Let i(r) = 3*r**2 + 2*r + 5. Let b be i(-3). Let y = 56 - b. What is the tens digit of y?
3
Let o(h) = -7 - h**2 + 3*h - 18*h**2 + h**3 + h**2 + 9*h**2. Let v = 1 - -8. What is the units digit of o(v)?
0
Let c = 522 - 100. What is the units digit of c?
2
Let b(j) = 1400*j - 91. What is the hundreds digit of b(2)?
7
Let g(c) = -c**2 + 2*c + 8. Let k be g(4). Suppose k = 15*d - 4*d - 1529. What is the tens digit of d?
3
Let r = -26 + 19. Let i = 56 + r. What is the tens digit of i?
4
Let s be 10/(-3)*21/(-14). Suppose -5*m + 884 = s*h - 6*h, 0 = -3*m - h + 524. What is the hundreds digit of m?
1
Suppose -3*u + 4*a = -1173, 262 = 2*u - a - 520. Suppose 2*n + 4*r = -3*n + 654, -3*n = r - u. What is the tens digit of n?
3
Suppose -195 = -2*q + 13. Let a(k) = k + 62. Let d be a(-10). Suppose 4*j = 4*o - j - q, 0 = 2*o - 4*j - d. What is the tens digit of o?
2
Let m = -244 - -650. What is the hundreds digit of m?
4
Suppose -19*o - 25 = -24*o. Suppose -4*t + 990 = o*z, -2*t - 3*t = 0. What is the units digit of z?
8
Suppose 0 = -5*d + 9*d + 4*a - 1792, a = -2. What is the hundreds digit of d?
4
Let x be 5/(-1)*(-52)/10. Suppose -u - 4*u + 30 = 0. Suppose -u*l = -4*l - x. What is the units digit of l?
3
Let a = 9 + -7. Suppose -a*n = -0*n - 24. What is the units digit of 375/n + (-9)/(-12)?
2
Let v(z) = z**2 + 28*z + 111. What is the units digit of v(-26)?
9
Suppose -4*x + 21 = 5. Suppose -l - 2*q = 6, 0 = 4*q + x + 12. Suppose 0 = -l*v + z + 29 + 13, 127 = 5*v + 3*z. What is the tens digit of v?
2
Let v(c) be the third derivative of c**5/60 - c**4/4 + 2*c**3/3 + 4*c**2. Let m = 5 + 3. What is the units digit of v(m)?
0
Suppose 0*x + 5*x = 10. Suppose x + 8 = 5*u. Suppose -u*y + 31 = 3*b, 0 = -5*b + b - 3*y + 43. What is the units digit of b?
7
Let l(r) = -r**3 + 11*r**2 + 15*r - 20. Let z be l(11). Suppose 3*v = -40 + z. What is the tens digit of v?
3
Let l(t) = 6*t**3 - 2*t**2 - 9*t + 5. Let r be l(3). Let s = r - 72. What is the units digit of s?
0
Let a be 6*2/4*(4 + -5). What is the units digit of a + 3 + 289 + 2 + -1?
0
Suppose -3*p + 2156 = -p. Suppose 6*c - p = -c. What is the tens digit of c?
5
Let h = 728 + 575. What is the tens digit of h?
0
Suppose -4*d + 2729 = -403. What is the hundreds digit of d?
7
Let x(u) = u**3 + 11*u**2 - 12*u + 7. Let n be x(-10). Let g = -142 + n. What is the tens digit of g?
8
Let i(o) = -585*o + 482. What is the thousands digit of i(-5)?
3
Let s = 6851 + -4284. What is the tens digit of s?
6
Let v = 1307 - 679. What is the tens digit of v?
2
Suppose -4*p + 1 = -2*i - 5, 3 = 4*p - 5*i. Suppose 19 = -p*v + 75. What is the units digit of v?
8
Let d = 0 - -2. Suppose 4*r - 192 = -5*m + r, 0 = -5*m + d*r + 172. What is the units digit of m?
6
Let c(u) = 53*u**3 - 2*u**2 - 2*u + 1. What is the units digit of c(2)?
3
Suppose 7*f = w + 3*f - 17, 0 = -3*w + 2*f + 21. Suppose -2*p = 3*i - 33, -2*p - 5*i + 40 = w. Suppose 0 = -0*v - 3*v + p. What is the units digit of v?
5
Let q(m) = m**3 - m**2 + m + 95. Let t be q(0). Let f be (30/4)/((-3)/(-4)). Suppose -f = -z + 3*x, 4*z - t = 4*x - 3*x. What is the units digit of z?
5
Suppose -6 = 7*d - 10*d. What is the tens digit of d/1 - (-18 + -7)?
2
Let v be (-234)/(-15)*150/9. Suppose 3*c - 209 = -4*b, -b + v = 4*b + 5*c. What is the tens digit of b?
5
Let a = -22 - -20. What is the units digit of (-390)/(-42) - a/(-7)?
9
Let f(u) = -3*u + 8. Let w be f(4). Let j be ((1*-44)/w)/1. Suppose 3*r - 2*v - 16 = j, 4*r - 4*v - 40 = 0. What is the units digit of r?
7
Suppose -66 - 72 = -3*x. Suppose 2*t + 5*m = x, 17 = t + 5*m - m. Suppose -2*z + t = -39. What is the tens digit of z?
3
Let b = -5 + 14. Let z(r) = 4*r**2 - b*r**3 + 11*r**3 - 2*r + 3 - 2*r**2. What is the tens digit of z(2)?
2
Suppose -3623 = -2*w - 491. Suppose -15*b = -6*b - w. What is the hundreds digit of b?
1
Let v be (2/5)/(1444/(-360) - -4). What is the tens digit of (280/(-12))/7*v/1?
2
Let n(o) = o**3 - 1 + 8*o + 10*o**2 + 0*o**3 - 2 - 2. What is the units digit of n(-9)?
4
Suppose -y = 3*y + 4*s - 992, 5*y - 1246 = -2*s. What is the units digit of y?
0
Let t(i) be the first derivative of -31*i**2 - 4*i + 7. What is the hundreds digit of t(-3)?
1
Let s(u) = u**2 + 7*u + 6. Let h be s(-6). Suppose 16*v - 14*v - 54 = h. What is the tens digit of v?
2
Suppose 12*c + 7219 = 16*c + 5*j, 5*j = -c + 1786. What is the tens digit of c?
1
Let b = -46 + 186. Let a be -55*7/(b/(-24)). Suppose -4*l = -0*i + 2*i - a, -5*i = -4*l - 151. What is the units digit of i?
1
Let u(g) = -g**3 + 22*g**2 - 15*g + 42. What is the hundreds digit of u(13)?
3
Let i(v) = v**3 + 2*v**2 - 4*v + 2. Let s be i(2). Suppose -m - 4*m = -80. Let a = s + m. What is the units digit of a?
6
Suppose 6*z - 2 = 5*z, 0 = 4*b - 2*z - 612. Suppose 0 = -3*q + 4*q - b. What is the tens digit of q?
5
Let w = 53 - 44. Suppose w*q = 25*q - 1056. What is the units digit of q?
6
Let q(p) = 420*p - 154. What is the hundreds digit of q(3)?
1
Let q = -27 + 21. Let h(a) = a**2 + 6*a + 7. Let g be h(q). What is the units digit of g*((-6)/2 - -11)?
6
Suppose 2*x + x = 45. Let k(m) = m**3 - 14*m**2 - 17*m + 13. Let t be k(x). Let r = -13 - t. What is the units digit of r?
4
Let v = 1 + 9. Let n = 4 - 1. Suppose n*z - v = 23. What is the units digit of z?
1
Let t(b) = b**3 - 8*b**2 + 8*b + 5. Let u be (27/(-6))/(0 - (-3)/(-6)). What is the units digit of t(u)?
8
Let i(h) = 48*h + 1. Let x(w) = -49*w - 1. Let u(s) = -4*i(s) - 3*x(s). What is the units digit of u(-1)?
4
Let n be (-542)/(-3) + 7/(20 + 1). Suppose -4*k + 43 = -n. What is the tens digit of k?
5
Suppose -5*c = -7*c + 48. Suppose -f - 12 = -4*f - 4*j, f + 3*j - 4 = 0. Suppose f*o = 6*o - c. What is the units digit of o?
2
Suppose -6*j - 5*d = -2*j - 193, 4*d = 2*j - 64. Let g be (3 - (2 - 0))*-23. Let h = g + j. What is the units digit of h?
9
Suppose 10 = -3*m - 26. Let z(a) = -a**3 - 12*a**2 - a - 12. Let x be z(m). Let q = x + 3. What is the units digit of q?
3
Suppose -8*j = -4*j - 100. Suppose m + 3*m + j = c, m + 100 = 4*c. What is the units digit of c?
5
Let g(h) = -212*h - 396. What is the tens digit of g(-10)?
2
Suppose 2*l + 4*p = 5542, -2574 = 4*l + 2*p - 13628. What is the thousands digit of l?
2
Suppose 5*x - 41 = 4*o, -2*x = x + 2*o - 7. Suppose x*b - 3*p + 0*p - 15 = 0, -b + 5 = -p. Suppose b = 3*r - 23 - 16. What